{"id":2081,"date":"2025-05-07T13:51:42","date_gmt":"2025-05-07T11:51:42","guid":{"rendered":"https:\/\/dkmt.net\/?post_type=mec-events&#038;p=2081"},"modified":"2025-05-07T13:51:42","modified_gmt":"2025-05-07T11:51:42","slug":"szegedi-borfesztival-szeged-napja-unnepsegsorozat","status":"publish","type":"mec-events","link":"https:\/\/dkmt.net\/ro\/esemeny\/szegedi-borfesztival-szeged-napja-unnepsegsorozat\/","title":{"rendered":"Szegedi Borfesztiv\u00e1l -Szeged Napja \u00dcnneps\u00e9gsorozat"},"content":{"rendered":"<p>A szabad kir\u00e1lyi v\u00e1ros c\u00edm visszaszerz\u00e9s\u00e9re eml\u00e9keznek. A t\u00f6r\u00f6k h\u00f3dolts\u00e1g idej\u00e9n Szeged elvesztette az 1498-ban megkapott szabad kir\u00e1lyi v\u00e1ros c\u00edmet. A t\u00e9rs\u00e9g felszabadul\u00e1sa ut\u00e1n, 1715-ben a v\u00e1ros visszakapta a c\u00edmet, 1719. m\u00e1jus 21-\u00e9n pedig c\u00edmert adom\u00e1nyoztak neki. Ma m\u00e1jus 21. a v\u00e1ros napja, ekkor adj\u00e1k ki a legnagyobb helyi kit\u00fcntet\u00e9seket, k\u00f6zel k\u00e9thetes borfesztiv\u00e1llal, H\u00eddiv\u00e1s\u00e1rral, D\u00f3m t\u00e9ri kavalk\u00e1ddal \u00fcnnepelnek a szegediek \u00e9s vend\u00e9geik.<\/p>","protected":false},"excerpt":{"rendered":"<p>A szabad kir\u00e1lyi v\u00e1ros c\u00edm visszaszerz\u00e9s\u00e9re eml\u00e9keznek. A t\u00f6r\u00f6k h\u00f3dolts\u00e1g idej\u00e9n Szeged elvesztette az 1498-ban megkapott szabad kir\u00e1lyi v\u00e1ros c\u00edmet. A t\u00e9rs\u00e9g felszabadul\u00e1sa ut\u00e1n, 1715-ben a v\u00e1ros visszakapta a c\u00edmet, 1719. m\u00e1jus 21-\u00e9n pedig c\u00edmert adom\u00e1nyoztak neki. Ma m\u00e1jus 21. a v\u00e1ros napja, ekkor adj\u00e1k ki a legnagyobb helyi kit\u00fcntet\u00e9seket, k\u00f6zel k\u00e9thetes borfesztiv\u00e1llal, H\u00eddiv\u00e1s\u00e1rral, D\u00f3m [&hellip;]<\/p>","protected":false},"author":3,"featured_media":2059,"comment_status":"closed","ping_status":"closed","template":"","meta":{"inline_featured_image":false,"_links_to":"","_links_to_target":""},"tags":[],"mec_category":[68],"_links":{"self":[{"href":"https:\/\/dkmt.net\/ro\/wp-json\/wp\/v2\/mec-events\/2081"}],"collection":[{"href":"https:\/\/dkmt.net\/ro\/wp-json\/wp\/v2\/mec-events"}],"about":[{"href":"https:\/\/dkmt.net\/ro\/wp-json\/wp\/v2\/types\/mec-events"}],"author":[{"embeddable":true,"href":"https:\/\/dkmt.net\/ro\/wp-json\/wp\/v2\/users\/3"}],"replies":[{"embeddable":true,"href":"https:\/\/dkmt.net\/ro\/wp-json\/wp\/v2\/comments?post=2081"}],"wp:featuredmedia":[{"embeddable":true,"href":"https:\/\/dkmt.net\/ro\/wp-json\/wp\/v2\/media\/2059"}],"wp:attachment":[{"href":"https:\/\/dkmt.net\/ro\/wp-json\/wp\/v2\/media?parent=2081"}],"wp:term":[{"taxonomy":"post_tag","embeddable":true,"href":"https:\/\/dkmt.net\/ro\/wp-json\/wp\/v2\/tags?post=2081"},{"taxonomy":"mec_category","embeddable":true,"href":"https:\/\/dkmt.net\/ro\/wp-json\/wp\/v2\/mec_category?post=2081"}],"curies":[{"name":"wp","href":"https:\/\/api.w.org\/{rel}","templated":true}]}}

Szegedi Borfesztivál -Szeged Napja Ünnepségsorozat

<p>A szabad királyi város cím visszaszerzésére emlékeznek. A török hódoltság idején Szeged elvesztette az 1498-ban megkapott szabad királyi város címet. A térség felszabadulása után, 1715-ben a város visszakapta a címet, 1719. május 21-én pedig címert adományoztak neki. Ma május 21. a város napja, ekkor adják ki a legnagyobb helyi kitüntetéseket, közel kéthetes borfesztivállal, Hídivásárral, Dóm téri kavalkáddal ünnepelnek a szegediek és vendégeik.</p>

<p>A szabad királyi város cím visszaszerzésére emlékeznek. A török hódoltság idején Szeged elvesztette az 1498-ban megkapott szabad királyi város címet. A térség felszabadulása után, 1715-ben a város visszakapta a címet, 1719. május 21-én pedig címert adományoztak neki. Ma május 21. a város napja, ekkor adják ki a legnagyobb helyi kitüntetéseket, közel kéthetes borfesztivállal, Hídivásárral, Dóm [&hellip;]</p>
