{"id":2031,"date":"2025-03-12T12:52:51","date_gmt":"2025-03-12T11:52:51","guid":{"rendered":"https:\/\/dkmt.net\/?post_type=mec-events&#038;p=2031"},"modified":"2025-03-12T12:52:51","modified_gmt":"2025-03-12T11:52:51","slug":"vajdasagi-kulturalis-gasztrokaland","status":"publish","type":"mec-events","link":"https:\/\/dkmt.net\/ro\/esemeny\/vajdasagi-kulturalis-gasztrokaland\/","title":{"rendered":"Vajdas\u00e1gi kultur\u00e1lis gasztrokaland"},"content":{"rendered":"<p>N\u00e9gynapos kir\u00e1ndul\u00e1s a tartom\u00e1ny legszebb r\u00e9szeibe. \u00c1prilis 25. \u00e9s 28. k\u00f6z\u00f6tt n\u00e9gynapos kir\u00e1ndul\u00e1st szervez a Balkaninfo. Vajdas\u00e1g legszebb helyeit \u00e9s legjobb \u00e9teleit tartalmazza az aj\u00e1nlat. T\u00f6bbek k\u00f6z\u00f6tt Zombor \u00e9s Bezd\u00e1n, ut\u00f3bbi helyen a Pikec Hal\u00e1szcs\u00e1rda is szerepel. Azt\u00e1n a Fruska Gora r\u00e9gi kolostorai, \u00dajvid\u00e9k \u00e9s P\u00e9terv\u00e1rad nevezetess\u00e9gei, Szabadka \u00e9s Palics szecesszi\u00f3s kincsei. Magyar \u00e9s szerb hagyom\u00e1nyos \u00e9telek, legink\u00e1bb falusi k\u00f6rnyezetben.<\/p>","protected":false},"excerpt":{"rendered":"<p>N\u00e9gynapos kir\u00e1ndul\u00e1s a tartom\u00e1ny legszebb r\u00e9szeibe. \u00c1prilis 25. \u00e9s 28. k\u00f6z\u00f6tt n\u00e9gynapos kir\u00e1ndul\u00e1st szervez a Balkaninfo. Vajdas\u00e1g legszebb helyeit \u00e9s legjobb \u00e9teleit tartalmazza az aj\u00e1nlat. T\u00f6bbek k\u00f6z\u00f6tt Zombor \u00e9s Bezd\u00e1n, ut\u00f3bbi helyen a Pikec Hal\u00e1szcs\u00e1rda is szerepel. Azt\u00e1n a Fruska Gora r\u00e9gi kolostorai, \u00dajvid\u00e9k \u00e9s P\u00e9terv\u00e1rad nevezetess\u00e9gei, Szabadka \u00e9s Palics szecesszi\u00f3s kincsei. Magyar \u00e9s szerb [&hellip;]<\/p>","protected":false},"author":3,"featured_media":2059,"comment_status":"closed","ping_status":"closed","template":"","meta":{"inline_featured_image":false,"_links_to":"","_links_to_target":""},"tags":[],"mec_category":[70],"_links":{"self":[{"href":"https:\/\/dkmt.net\/ro\/wp-json\/wp\/v2\/mec-events\/2031"}],"collection":[{"href":"https:\/\/dkmt.net\/ro\/wp-json\/wp\/v2\/mec-events"}],"about":[{"href":"https:\/\/dkmt.net\/ro\/wp-json\/wp\/v2\/types\/mec-events"}],"author":[{"embeddable":true,"href":"https:\/\/dkmt.net\/ro\/wp-json\/wp\/v2\/users\/3"}],"replies":[{"embeddable":true,"href":"https:\/\/dkmt.net\/ro\/wp-json\/wp\/v2\/comments?post=2031"}],"wp:featuredmedia":[{"embeddable":true,"href":"https:\/\/dkmt.net\/ro\/wp-json\/wp\/v2\/media\/2059"}],"wp:attachment":[{"href":"https:\/\/dkmt.net\/ro\/wp-json\/wp\/v2\/media?parent=2031"}],"wp:term":[{"taxonomy":"post_tag","embeddable":true,"href":"https:\/\/dkmt.net\/ro\/wp-json\/wp\/v2\/tags?post=2031"},{"taxonomy":"mec_category","embeddable":true,"href":"https:\/\/dkmt.net\/ro\/wp-json\/wp\/v2\/mec_category?post=2031"}],"curies":[{"name":"wp","href":"https:\/\/api.w.org\/{rel}","templated":true}]}}

Vajdasági kulturális gasztrokaland

<p>Négynapos kirándulás a tartomány legszebb részeibe. Április 25. és 28. között négynapos kirándulást szervez a Balkaninfo. Vajdaság legszebb helyeit és legjobb ételeit tartalmazza az ajánlat. Többek között Zombor és Bezdán, utóbbi helyen a Pikec Halászcsárda is szerepel. Aztán a Fruska Gora régi kolostorai, Újvidék és Pétervárad nevezetességei, Szabadka és Palics szecessziós kincsei. Magyar és szerb hagyományos ételek, leginkább falusi környezetben.</p>

<p>Négynapos kirándulás a tartomány legszebb részeibe. Április 25. és 28. között négynapos kirándulást szervez a Balkaninfo. Vajdaság legszebb helyeit és legjobb ételeit tartalmazza az ajánlat. Többek között Zombor és Bezdán, utóbbi helyen a Pikec Halászcsárda is szerepel. Aztán a Fruska Gora régi kolostorai, Újvidék és Pétervárad nevezetességei, Szabadka és Palics szecessziós kincsei. Magyar és szerb [&hellip;]</p>
