{"id":2000,"date":"2025-01-17T13:13:15","date_gmt":"2025-01-17T12:13:15","guid":{"rendered":"https:\/\/dkmt.net\/?post_type=mec-events&#038;p=2000"},"modified":"2025-01-17T13:13:15","modified_gmt":"2025-01-17T12:13:15","slug":"hartai-kolbaszfesztival","status":"publish","type":"mec-events","link":"https:\/\/dkmt.net\/ro\/esemeny\/hartai-kolbaszfesztival\/","title":{"rendered":"Hartai kolb\u00e1szfesztiv\u00e1l"},"content":{"rendered":"<p>Minden faluban m\u00e1sk\u00e9nt csin\u00e1lj\u00e1k a kolb\u00e1szt. Ez\u00e9rt szinte minden faluban rendeznek is \u00e9lm\u00e9nydiszn\u00f3tort, b\u00f6ll\u00e9rnapot vagy kolb\u00e1szt\u00f6lt\u0151 versenyt. Hart\u00e1n ez ut\u00f3bbit kolb\u00e1szfesztiv\u00e1lk\u00e9nt emlegetik. 2025. janu\u00e1r 18-\u00e1n 12 \u00f3r\u00e1t\u00f3l m\u00e1r 9. alkalommal rendezik meg a m\u0171vel\u0151d\u00e9si h\u00e1zban. A d\u00edjnyertes csapat alkot\u00e1sa megkapja a Harta Kolb\u00e1sza kit\u00fcntet\u0151 c\u00edmet. M\u00edg keverik, \u00edzes\u00edtik, t\u00f6ltik, meg s\u00fctik, gyerekprogramok \u00e9s el\u0151ad\u00e1sok seg\u00edtik elt\u00f6lteni az id\u0151t.<\/p>\n<div>\n<div style=\"position: fixed; right: 0px; top: 0px; width: 18px; height: 100%; z-index: 99999; pointer-events: none; background-image: url('data:image\/png;base64,iVBORw0KGgoAAAANSUhEUgAAABIAAAFOCAYAAACL9U1vAAAA\/0lEQVR4Xu3SoQ0AAAgEMdh\/aUaoQR76gmh+5+n26c\/0yJIZZWQBF+0oIwu4aEcZWcBFO8rIAi7aUUYWcNGOMrKAi3aUkQVctKOMLOCiHWVkARftKCMLuGhHGVnARTvKyAIu2lFGFnDRjjKygIt2lJEFXLSjjCzgoh1lZAEX7SgjC7hoRxlZwEU7ysgCLtpRRhZw0Y4ysoCLdpSRBVy0o4ws4KIdZWQBF+0oIwu4aEcZWcBFO8rIAi7aUUYWcNGOMrKAi3aUkQVctKOMLOCiHWVkARftKCMLuGhHGVnARTvKyAIu2lFGFnDRjjKygIt2lJEFXLSjjCzgoh1lZAEXB7PxAU8Rb0z2AAAAAElFTkSuQmCC'); background-size: 100% 100%; background-repeat: no-repeat;\"><\/div>\n<p><button class=\"move-button\" style=\"position: fixed; right: 18px; left: auto; top: 50%; z-index: 99999; display: none;\">\u25c0<\/button><\/div>","protected":false},"excerpt":{"rendered":"<p>Minden faluban m\u00e1sk\u00e9nt csin\u00e1lj\u00e1k a kolb\u00e1szt. Ez\u00e9rt szinte minden faluban rendeznek is \u00e9lm\u00e9nydiszn\u00f3tort, b\u00f6ll\u00e9rnapot vagy kolb\u00e1szt\u00f6lt\u0151 versenyt. Hart\u00e1n ez ut\u00f3bbit kolb\u00e1szfesztiv\u00e1lk\u00e9nt emlegetik. 2025. janu\u00e1r 18-\u00e1n 12 \u00f3r\u00e1t\u00f3l m\u00e1r 9. alkalommal rendezik meg a m\u0171vel\u0151d\u00e9si h\u00e1zban. A d\u00edjnyertes csapat alkot\u00e1sa megkapja a Harta Kolb\u00e1sza kit\u00fcntet\u0151 c\u00edmet. M\u00edg keverik, \u00edzes\u00edtik, t\u00f6ltik, meg s\u00fctik, gyerekprogramok \u00e9s el\u0151ad\u00e1sok seg\u00edtik [&hellip;]<\/p>","protected":false},"author":3,"featured_media":2059,"comment_status":"closed","ping_status":"closed","template":"","meta":{"inline_featured_image":false,"_links_to":"","_links_to_target":""},"tags":[],"mec_category":[65],"_links":{"self":[{"href":"https:\/\/dkmt.net\/ro\/wp-json\/wp\/v2\/mec-events\/2000"}],"collection":[{"href":"https:\/\/dkmt.net\/ro\/wp-json\/wp\/v2\/mec-events"}],"about":[{"href":"https:\/\/dkmt.net\/ro\/wp-json\/wp\/v2\/types\/mec-events"}],"author":[{"embeddable":true,"href":"https:\/\/dkmt.net\/ro\/wp-json\/wp\/v2\/users\/3"}],"replies":[{"embeddable":true,"href":"https:\/\/dkmt.net\/ro\/wp-json\/wp\/v2\/comments?post=2000"}],"wp:featuredmedia":[{"embeddable":true,"href":"https:\/\/dkmt.net\/ro\/wp-json\/wp\/v2\/media\/2059"}],"wp:attachment":[{"href":"https:\/\/dkmt.net\/ro\/wp-json\/wp\/v2\/media?parent=2000"}],"wp:term":[{"taxonomy":"post_tag","embeddable":true,"href":"https:\/\/dkmt.net\/ro\/wp-json\/wp\/v2\/tags?post=2000"},{"taxonomy":"mec_category","embeddable":true,"href":"https:\/\/dkmt.net\/ro\/wp-json\/wp\/v2\/mec_category?post=2000"}],"curies":[{"name":"wp","href":"https:\/\/api.w.org\/{rel}","templated":true}]}}

Hartai kolbászfesztivál

<p>Minden faluban másként csinálják a kolbászt. Ezért szinte minden faluban rendeznek is élménydisznótort, böllérnapot vagy kolbásztöltő versenyt. Hartán ez utóbbit kolbászfesztiválként emlegetik. 2025. január 18-án 12 órától már 9. alkalommal rendezik meg a művelődési házban. A díjnyertes csapat alkotása megkapja a Harta Kolbásza kitüntető címet. Míg keverik, ízesítik, töltik, meg sütik, gyerekprogramok és előadások segítik eltölteni az időt.</p>
<div>
<div style="position: fixed; right: 0px; top: 0px; width: 18px; height: 100%; z-index: 99999; pointer-events: none; background-image: url('data:image/png;base64,iVBORw0KGgoAAAANSUhEUgAAABIAAAFOCAYAAACL9U1vAAAA/0lEQVR4Xu3SoQ0AAAgEMdh/aUaoQR76gmh+5+n26c/0yJIZZWQBF+0oIwu4aEcZWcBFO8rIAi7aUUYWcNGOMrKAi3aUkQVctKOMLOCiHWVkARftKCMLuGhHGVnARTvKyAIu2lFGFnDRjjKygIt2lJEFXLSjjCzgoh1lZAEX7SgjC7hoRxlZwEU7ysgCLtpRRhZw0Y4ysoCLdpSRBVy0o4ws4KIdZWQBF+0oIwu4aEcZWcBFO8rIAi7aUUYWcNGOMrKAi3aUkQVctKOMLOCiHWVkARftKCMLuGhHGVnARTvKyAIu2lFGFnDRjjKygIt2lJEFXLSjjCzgoh1lZAEXB7PxAU8Rb0z2AAAAAElFTkSuQmCC'); background-size: 100% 100%; background-repeat: no-repeat;"></div>
<p><button class="move-button" style="position: fixed; right: 18px; left: auto; top: 50%; z-index: 99999; display: none;">◀</button></div>

<p>Minden faluban másként csinálják a kolbászt. Ezért szinte minden faluban rendeznek is élménydisznótort, böllérnapot vagy kolbásztöltő versenyt. Hartán ez utóbbit kolbászfesztiválként emlegetik. 2025. január 18-án 12 órától már 9. alkalommal rendezik meg a művelődési házban. A díjnyertes csapat alkotása megkapja a Harta Kolbásza kitüntető címet. Míg keverik, ízesítik, töltik, meg sütik, gyerekprogramok és előadások segítik [&hellip;]</p>
