{"id":1959,"date":"2024-09-07T17:11:35","date_gmt":"2024-09-07T15:11:35","guid":{"rendered":"https:\/\/dkmt.net\/?post_type=mec-events&#038;p=1959"},"modified":"2024-09-07T17:11:42","modified_gmt":"2024-09-07T15:11:42","slug":"ki-mit-tud-sutni-fozni-libabol","status":"publish","type":"mec-events","link":"https:\/\/dkmt.net\/ro\/esemeny\/ki-mit-tud-sutni-fozni-libabol\/","title":{"rendered":"Ki mit tud s\u00fctni-f\u0151zni lib\u00e1b\u00f3l?"},"content":{"rendered":"<div class=\"main-article__description-wrap\">\n<p class=\"main-article__description\">K\u00e1d\u00e1r Ferk\u00f3 Fot\u00f3sz\u00ednh\u00e1za is ott lesz a kiskunf\u00e9legyh\u00e1zi libafesztiv\u00e1lon. Szeptember 13-\u00e1n \u00e9s 14-\u00e9n rendezik meg Kiskunf\u00e9legyh\u00e1z\u00e1n, a Pet\u0151fi S\u00e1ndor V\u00e1rosi K\u00f6nyvt\u00e1r melletti parkol\u00f3ban az idei libafesztiv\u00e1lt. Id\u00e9n is lesz L\u00fadas Matyi-futam, libagasztron\u00f3miai ki mit tud, \u00e9s megjelenik fekete lepellel takart dobozg\u00e9p\u00e9vel a r\u00e9gi v\u00e1s\u00e1ri fot\u00f3z\u00e1s nosztalgikus folytat\u00f3ja, K\u00e1d\u00e1r Ferk\u00f3 Fot\u00f3sz\u00ednh\u00e1za.<\/p>\n<\/div>","protected":false},"excerpt":{"rendered":"<p>K\u00e1d\u00e1r Ferk\u00f3 Fot\u00f3sz\u00ednh\u00e1za is ott lesz a kiskunf\u00e9legyh\u00e1zi libafesztiv\u00e1lon. Szeptember 13-\u00e1n \u00e9s 14-\u00e9n rendezik meg Kiskunf\u00e9legyh\u00e1z\u00e1n, a Pet\u0151fi S\u00e1ndor V\u00e1rosi K\u00f6nyvt\u00e1r melletti parkol\u00f3ban az idei libafesztiv\u00e1lt. Id\u00e9n is lesz L\u00fadas Matyi-futam, libagasztron\u00f3miai ki mit tud, \u00e9s megjelenik fekete lepellel takart dobozg\u00e9p\u00e9vel a r\u00e9gi v\u00e1s\u00e1ri fot\u00f3z\u00e1s nosztalgikus folytat\u00f3ja, K\u00e1d\u00e1r Ferk\u00f3 Fot\u00f3sz\u00ednh\u00e1za.<\/p>","protected":false},"author":3,"featured_media":2059,"comment_status":"closed","ping_status":"closed","template":"","meta":{"inline_featured_image":false,"_links_to":"","_links_to_target":""},"tags":[],"mec_category":[65],"_links":{"self":[{"href":"https:\/\/dkmt.net\/ro\/wp-json\/wp\/v2\/mec-events\/1959"}],"collection":[{"href":"https:\/\/dkmt.net\/ro\/wp-json\/wp\/v2\/mec-events"}],"about":[{"href":"https:\/\/dkmt.net\/ro\/wp-json\/wp\/v2\/types\/mec-events"}],"author":[{"embeddable":true,"href":"https:\/\/dkmt.net\/ro\/wp-json\/wp\/v2\/users\/3"}],"replies":[{"embeddable":true,"href":"https:\/\/dkmt.net\/ro\/wp-json\/wp\/v2\/comments?post=1959"}],"wp:featuredmedia":[{"embeddable":true,"href":"https:\/\/dkmt.net\/ro\/wp-json\/wp\/v2\/media\/2059"}],"wp:attachment":[{"href":"https:\/\/dkmt.net\/ro\/wp-json\/wp\/v2\/media?parent=1959"}],"wp:term":[{"taxonomy":"post_tag","embeddable":true,"href":"https:\/\/dkmt.net\/ro\/wp-json\/wp\/v2\/tags?post=1959"},{"taxonomy":"mec_category","embeddable":true,"href":"https:\/\/dkmt.net\/ro\/wp-json\/wp\/v2\/mec_category?post=1959"}],"curies":[{"name":"wp","href":"https:\/\/api.w.org\/{rel}","templated":true}]}}

Ki mit tud sütni-főzni libából?

<div class="main-article__description-wrap">
<p class="main-article__description">Kádár Ferkó Fotószínháza is ott lesz a kiskunfélegyházi libafesztiválon. Szeptember 13-án és 14-én rendezik meg Kiskunfélegyházán, a Petőfi Sándor Városi Könyvtár melletti parkolóban az idei libafesztivált. Idén is lesz Lúdas Matyi-futam, libagasztronómiai ki mit tud, és megjelenik fekete lepellel takart dobozgépével a régi vásári fotózás nosztalgikus folytatója, Kádár Ferkó Fotószínháza.</p>
</div>

<p>Kádár Ferkó Fotószínháza is ott lesz a kiskunfélegyházi libafesztiválon. Szeptember 13-án és 14-én rendezik meg Kiskunfélegyházán, a Petőfi Sándor Városi Könyvtár melletti parkolóban az idei libafesztivált. Idén is lesz Lúdas Matyi-futam, libagasztronómiai ki mit tud, és megjelenik fekete lepellel takart dobozgépével a régi vásári fotózás nosztalgikus folytatója, Kádár Ferkó Fotószínháza.</p>
