{"id":1844,"date":"2023-12-01T12:34:25","date_gmt":"2023-12-01T11:34:25","guid":{"rendered":"https:\/\/dkmt.net\/?post_type=mec-events&#038;p=1844"},"modified":"2023-12-01T12:34:25","modified_gmt":"2023-12-01T11:34:25","slug":"kecskemeti-teli-fesztival","status":"publish","type":"mec-events","link":"https:\/\/dkmt.net\/ro\/esemeny\/kecskemeti-teli-fesztival\/","title":{"rendered":"Kecskem\u00e9ti T\u00e9li Fesztiv\u00e1l"},"content":{"rendered":"<p>A kar\u00e1csonyi v\u00e1s\u00e1r december 1-j\u00e9t\u0151l 23-\u00e1ig tart nyitva a kecskem\u00e9ti f\u0151t\u00e9ren. K\u00f6zben is lesznek mindennap gyermekprogramok, koncertek, Otthon moziel\u0151ad\u00e1sok Kecskem\u00e9ten k\u00e9sz\u00fclt rajzfilmekkel. A k\u00e9t \u00fcnnep k\u00f6z\u00f6tt a m\u00e1r bev\u00e1lt l\u00e1tv\u00e1nyoss\u00e1gok \u2013 \u00f3ri\u00e1sker\u00e9k, korcsoly\u00e1z\u00e1s, kisvas\u00fat, k\u00f6rhinta \u00e9s a leg\u00fajabb divat szerinti vil\u00e1g\u00edt\u00f3 szelfipontok \u2013 v\u00e1rj\u00e1k a kecskem\u00e9tieket. Szilveszterkor koncert \u00e9s hajnalig tart\u00f3 utcab\u00e1l.<\/p>","protected":false},"excerpt":{"rendered":"<p>A kar\u00e1csonyi v\u00e1s\u00e1r december 1-j\u00e9t\u0151l 23-\u00e1ig tart nyitva a kecskem\u00e9ti f\u0151t\u00e9ren. K\u00f6zben is lesznek mindennap gyermekprogramok, koncertek, Otthon moziel\u0151ad\u00e1sok Kecskem\u00e9ten k\u00e9sz\u00fclt rajzfilmekkel. A k\u00e9t \u00fcnnep k\u00f6z\u00f6tt a m\u00e1r bev\u00e1lt l\u00e1tv\u00e1nyoss\u00e1gok \u2013 \u00f3ri\u00e1sker\u00e9k, korcsoly\u00e1z\u00e1s, kisvas\u00fat, k\u00f6rhinta \u00e9s a leg\u00fajabb divat szerinti vil\u00e1g\u00edt\u00f3 szelfipontok \u2013 v\u00e1rj\u00e1k a kecskem\u00e9tieket. Szilveszterkor koncert \u00e9s hajnalig tart\u00f3 utcab\u00e1l.<\/p>","protected":false},"author":3,"featured_media":2059,"comment_status":"closed","ping_status":"closed","template":"","meta":{"inline_featured_image":false,"_links_to":"","_links_to_target":""},"tags":[],"mec_category":[65],"_links":{"self":[{"href":"https:\/\/dkmt.net\/ro\/wp-json\/wp\/v2\/mec-events\/1844"}],"collection":[{"href":"https:\/\/dkmt.net\/ro\/wp-json\/wp\/v2\/mec-events"}],"about":[{"href":"https:\/\/dkmt.net\/ro\/wp-json\/wp\/v2\/types\/mec-events"}],"author":[{"embeddable":true,"href":"https:\/\/dkmt.net\/ro\/wp-json\/wp\/v2\/users\/3"}],"replies":[{"embeddable":true,"href":"https:\/\/dkmt.net\/ro\/wp-json\/wp\/v2\/comments?post=1844"}],"wp:featuredmedia":[{"embeddable":true,"href":"https:\/\/dkmt.net\/ro\/wp-json\/wp\/v2\/media\/2059"}],"wp:attachment":[{"href":"https:\/\/dkmt.net\/ro\/wp-json\/wp\/v2\/media?parent=1844"}],"wp:term":[{"taxonomy":"post_tag","embeddable":true,"href":"https:\/\/dkmt.net\/ro\/wp-json\/wp\/v2\/tags?post=1844"},{"taxonomy":"mec_category","embeddable":true,"href":"https:\/\/dkmt.net\/ro\/wp-json\/wp\/v2\/mec_category?post=1844"}],"curies":[{"name":"wp","href":"https:\/\/api.w.org\/{rel}","templated":true}]}}

Kecskeméti Téli Fesztivál

<p>A karácsonyi vásár december 1-jétől 23-áig tart nyitva a kecskeméti főtéren. Közben is lesznek mindennap gyermekprogramok, koncertek, Otthon mozielőadások Kecskeméten készült rajzfilmekkel. A két ünnep között a már bevált látványosságok – óriáskerék, korcsolyázás, kisvasút, körhinta és a legújabb divat szerinti világító szelfipontok – várják a kecskemétieket. Szilveszterkor koncert és hajnalig tartó utcabál.</p>
